ltiple of 32?
False
Is 27 a factor of 2395?
False
Is 37 a factor of 999?
True
Is 1180 a multiple of 59?
True
Does 3 divide 4929?
True
Is 1770 a multiple of 6?
True
Does 13 divide 1586?
True
Is 15332 a multiple of 12?
False
Is 328 a multiple of 4?
True
Does 25 divide 2050?
True
Is 31011 a multiple of 31?
False
Is 3690 a multiple of 9?
True
Does 3 divide 1602?
True
Is 12 a factor of 209?
False
Does 12 divide 1740?
True
Is 43275 a multiple of 23?
False
Is 19756 a multiple of 18?
False
Is 15470 a multiple of 170?
True
Does 40 divide 127505?
False
Does 43 divide 2258?
False
Does 10 divide 48452?
False
Is 26 a factor of 1482?
True
Is 7527 a multiple of 128?
False
Is 500 a multiple of 50?
True
Is 18 a factor of 160?
False
Does 9 divide 5895?
True
Does 241 divide 20003?
True
Is 1827 a multiple of 63?
True
Is 5 a factor of 3890?
True
Is 198 a factor of 69513?
False
Does 98 divide 2790?
False
Is 19 a factor of 19551?
True
Is 572 a multiple of 44?
True
Is 2 a factor of 9009?
False
Is 627 a multiple of 57?
True
Is 11 a factor of 258?
False
Does 17 divide 3064?
False
Does 55 divide 28187?
False
Does 153 divide 26622?
True
Is 5776 a multiple of 38?
True
Is 48192 a multiple of 32?
True
Is 10 a factor of 34061?
False
Does 90 divide 5850?
True
Is 3618 a multiple of 67?
True
Is 17085 a multiple of 15?
True
Does 33 divide 161?
False
Is 15 a factor of 990?
True
Is 294 a multiple of 21?
True
Is 7 a factor of 480?
False
Is 57 a factor of 687?
False
Does 47 divide 950?
False
Is 1008 a multiple of 16?
True
Is 64 a factor of 9102?
False
Is 7 a factor of 736?
False
Is 11 a factor of 3089?
False
Is 160341 a multiple of 424?
False
Is 2332 a multiple of 6?
False
Does 26 divide 502?
False
Does 37 divide 666?
True
Is 210 a multiple of 30?
True
Does 23 divide 1035?
True
Does 97 divide 43165?
True
Is 246 a factor of 19680?
True
Is 74 a factor of 12771?
False
Is 6900 a multiple of 12?
True
Is 15 a factor of 1365?
True
Is 2 a factor of 1245?
False
Is 2311 a multiple of 410?
False
Is 243 a factor of 12849?
False
Is 4 a factor of 30888?
True
Is 22 a factor of 54661?
False
Does 46 divide 612?
False
Does 9 divide 5816?
False
Is 114 a factor of 50958?
True
Is 3468 a multiple of 47?
False
Is 54 a factor of 594?
True
Is 10 a factor of 2246?
False
Does 10 divide 1511?
False
Is 9 a factor of 15984?
True
Is 418 a multiple of 38?
True
Is 128161 a multiple of 11?
True
Is 5373 a multiple of 27?
True
Is 924 a multiple of 44?
True
Is 7 a factor of 331?
False
Does 171 divide 4778?
False
Is 9 a factor of 6120?
True
Does 12 divide 3984?
True
Is 53 a factor of 2438?
True
Is 5557 a multiple of 27?
False
Is 3 a factor of 484?
False
Does 10 divide 360?
True
Is 1338 a multiple of 44?
False
Is 19 a factor of 127481?
False
Is 13 a factor of 817?
False
Is 6 a factor of 2102?
False
Is 3424 a multiple of 10?
False
Does 31 divide 217?
True
Is 11 a factor of 27452?
False
Is 20 a factor of 147?
False
Is 12 a factor of 38172?
True
Does 13 divide 5031?
True
Does 7 divide 150?
False
Does 30 divide 25611?
False
Is 765 a multiple of 45?
True
Is 32 a factor of 6075?
False
Is 117 a multiple of 20?
False
Is 21774 a multiple of 191?
True
Is 13 a factor of 1430?
True
Is 25935 a multiple of 65?
True
Is 8 a factor of 497?
False
Is 7 a factor of 5313?
True
Is 1407 even?
False
Does 9 divide 1638?
True
Is 35647 a multiple of 9?
False
Does 57 divide 586?
False
Is 90 a factor of 808?
False
Is 11090 a multiple of 28?
False
Is 31 a factor of 1693?
False
Does 164 divide 44216?
False
Is 3 a factor of 8511?
True
Is 53 a factor of 16320?
False
Is 524 a multiple of 11?
False
Is 20283 a multiple of 59?
False
Does 9 divide 565?
False
Does 72 divide 368?
False
Is 20 a factor of 107200?
True
Is 5040 a multiple of 14?
True
Does 6 divide 576?
True
Does 8 divide 616?
True
Does 14 divide 2565?
False
Is 31 a factor of 14756?
True
Is 11736 a multiple of 24?
True
Is 20 a factor of 380?
True
Is 22510 a multiple of 12?
False
Does 10 divide 698?
False
Is 16 a factor of 1001?
False
Is 48 a factor of 96?
True
Does 56 divide 976?
False
Is 63 a factor of 3927?
False
Is 6 a factor of 87?
False
Does 49 divide 3283?
True
Does 21 divide 4746?
True
Is 6 a factor of 558?
True
Does 105 divide 22155?
True
Is 3 a factor of 2865?
True
Does 4 divide 515?
False
Does 54 divide 486?
True
Does 32 divide 38176?
True
Does 244 divide 1213?
False
Is 1350 a multiple of 50?
True
Does 12 divide 69?
False
Is 17 a factor of 96?
False
Is 19040 a multiple of 34?
True
Is 2050 a multiple of 10?
True
Is 50 a factor of 2900?
True
Does 251 divide 57838?
False
Is 110 a factor of 481?
False
Is 23 a factor of 2116?
True
Does 11 divide 3555?
False
Is 9 a factor of 25639?
False
Is 13 a factor of 7427?
False
Is 966 a multiple of 43?
False
Does 49 divide 2744?
True
Does 99 divide 4653?
True
Is 321 a multiple of 42?
False
Does 122 divide 5334?
False
Does 8 divide 21225?
False
Is 140 a multiple of 3?
False
Does 3 divide 3500?
False
Is 11 a factor of 825?
True
Is 7208 a multiple of 136?
True
Is 156 a multiple of 52?
True
Does 168 divide 3024?
True
Does 74 divide 518?
True
Does 33 divide 30855?
True
Is 20709 a multiple of 59?
True
Does 69 divide 1173?
True
Is 6 a factor of 156?
True
Does 25 divide 30550?
True
Is 28 a factor of 140?
True
Is 34094 a multiple of 61?
False
Is 7632 a multiple of 24?
True
Is 32 a factor of 3908?
False
Is 49 a factor of 7266?
False
Is 7 a factor of 539?
True
Is 952 a multiple of 3?
False
Does 2 divide 5858?
True
Is 6 a factor of 1086?
True
Is 14760 a multiple of 32?
False
Does 134 divide 6842?
False
Is 26700 a multiple of 50?
True
Is 30 a factor of 18930?
True
Is 8560 a multiple of 20?
True
Does 12 divide 9602?
False
Does 21 divide 12106?
False
Does 70 divide 2460?
False
Is 2688 a multiple of 24?
True
Does 144 divide 65178?
False
Is 173 a factor of 16815?
False
Is 35 a factor of 350?
True
Is 79 a factor of 1514?
False
Is 21 a multiple of 5?
False
Is 24 a factor of 3552?
True
Is 1782 a multiple of 18?
True
Does 50 divide 8950?
True
Is 945 a multiple of 7?
True
Is 6960 a multiple of 30?
True
Is 31 a factor of 3261?
False
Does 8 divide 1399?
False
Is 19 a factor of 247?
True
Does 9 divide 128?
False
Is 7073 a multiple of 41?
False
Does 164 divide 18532?
True
Is 71688 a multiple of 28?
False
Does 15 divide 45?
True
Does 13 divide 13665?
False
Is 1020 a multiple of 34?
True
Is 74 a multiple of 2?
True
Is 10 a factor of 21595?
False
Is 43 a factor of 1332?
False
Does 145 divide 31230?
False
Is 14110 a multiple of 34?
True
Is 13 a factor of 52?
True
Is 3 a factor of 768?
True
Is 29 a factor of 21866?
True
Does 13 divide 8490?
False
Is 348 a multiple of 12?
True
Is 15 a factor of 740?
False
Is 13 a factor of 41350?
False
Is 336 a multiple of 24?
True
Is 3 a factor of 29?
False
Does 12 divide 150?
False
Does 12 divide 56?
False
Is 107 a factor of 9526?
False
Is 147 a factor of 29626?
False
Is 44 a factor of 1188?
True
Is 18 a factor of 1295?
False
Is 235 a factor of 17159?
False
Is 1607 a multiple of 56?
False
Is 1099 a multiple of 15?
False
Is 1089 a multiple of 11?
True
Is 15 a factor of 8190?
True
Does 5 divide 550?
True
Does 5 divide 349?
False
Does 286 divide 22880?
True
Is 17 a factor of 1328?
False
Is 6976 a multiple of 64?
True
Is 35 a factor of 125907?
False
Is 1456 a multiple of 104?
True
Is 64 a factor of 704?
True
Is 59 a factor of 62963?
False
Is 28 a factor of 507?
False
Is 5 a factor of 73?
False
Is 2004 a multiple of 92?
False
Is 124 a factor of 1116?
True
Is 45 a factor of 720?
True
Is 57 a factor of 2451?
True
Does 11 divide 39754?
True
Is 10 a factor of 420?
True
Is 38 a factor of 714?
False
Does 2 divide 2049?
False
Is 23 a factor of 173?
False
Is 730 a multiple of 68?
False
Does 7 divide 12216?
False
Does 6 divide 30654?
True
Is 8858 a multiple of 86?
True
Is 1500 a multiple of 100?
True
Is 11 a factor of 5093?
True
Is 8 a factor of 720?
True
Is 6 a factor of 10274?
False
Is 14 a factor of 120260?
True
Is 52 a factor of 2351?
False
Is 481 a multiple of 85?
False
Is 24 a factor of 4080?
True
Is 9 a factor of 1944?
True
Is 11 a factor of 4796?
True
Is 3315 a multiple of 23?
False
Does 3 divide 1026?
True
Does 33 divide 660?
True
Is 10061 even?
False
Is 13400 a multiple of 8?
True
Is 72 a factor of 10251?
False
Does 65 divide 10270?
True
Does 16 divi